he highest common factor of 32 and 28?
4
What is the greatest common factor of 30 and 90?
30
What is the highest common divisor of 22144 and 173?
173
What is the highest common divisor of 91 and 259?
7
Calculate the highest common divisor of 1590 and 30.
30
Calculate the greatest common divisor of 54274 and 22.
22
What is the highest common factor of 2280 and 840?
120
What is the greatest common factor of 105 and 455?
35
What is the greatest common divisor of 95 and 76?
19
Calculate the greatest common factor of 559 and 39.
13
What is the highest common divisor of 23 and 230?
23
What is the greatest common factor of 1375 and 88?
11
What is the greatest common factor of 380 and 152?
76
What is the highest common factor of 12098 and 46?
46
What is the greatest common divisor of 935 and 440?
55
What is the highest common factor of 612 and 72?
36
What is the greatest common divisor of 112 and 88?
8
What is the greatest common divisor of 16 and 488?
8
What is the highest common factor of 918 and 34?
34
What is the greatest common divisor of 174 and 87?
87
What is the highest common factor of 171 and 38?
19
What is the highest common factor of 437 and 69?
23
What is the greatest common divisor of 30 and 1770?
30
What is the highest common divisor of 25758 and 53?
53
Calculate the greatest common divisor of 6 and 8.
2
What is the greatest common divisor of 1179 and 495?
9
Calculate the greatest common factor of 400 and 1500.
100
What is the highest common divisor of 203 and 238?
7
Calculate the highest common divisor of 35 and 20.
5
Calculate the highest common divisor of 141 and 36237.
141
What is the highest common divisor of 21032 and 440?
88
What is the greatest common factor of 54715 and 155?
155
Calculate the highest common factor of 14 and 3.
1
Calculate the greatest common factor of 50 and 42050.
50
Calculate the highest common factor of 43 and 645.
43
What is the highest common factor of 116 and 638?
58
What is the highest common divisor of 9017 and 254?
127
What is the greatest common factor of 600 and 156?
12
Calculate the greatest common factor of 224 and 144.
16
Calculate the greatest common factor of 21 and 483.
21
Calculate the greatest common divisor of 1220 and 20.
20
Calculate the highest common factor of 13 and 806.
13
Calculate the highest common divisor of 8 and 136.
8
Calculate the highest common divisor of 180 and 558.
18
Calculate the highest common factor of 3 and 3.
3
Calculate the highest common divisor of 96 and 240.
48
What is the greatest common divisor of 6249 and 3?
3
Calculate the highest common factor of 5130 and 760.
190
Calculate the greatest common factor of 8920 and 25.
5
What is the highest common divisor of 200 and 1850?
50
What is the highest common factor of 209 and 1023?
11
What is the greatest common divisor of 1162 and 28?
14
What is the greatest common divisor of 655 and 115?
5
Calculate the highest common factor of 8610 and 420.
210
What is the greatest common divisor of 255 and 119?
17
Calculate the highest common divisor of 832 and 104.
104
Calculate the greatest common divisor of 232 and 16.
8
Calculate the greatest common factor of 2538 and 270.
54
Calculate the greatest common divisor of 116 and 38367.
29
What is the greatest common divisor of 8 and 1316?
4
What is the highest common divisor of 420 and 285?
15
What is the highest common factor of 3 and 177?
3
Calculate the greatest common factor of 73 and 657.
73
What is the greatest common divisor of 180 and 25?
5
What is the greatest common factor of 65 and 52?
13
Calculate the highest common divisor of 1608 and 138.
6
Calculate the highest common divisor of 144 and 216.
72
What is the highest common divisor of 1430 and 220?
110
Calculate the greatest common divisor of 558 and 36.
18
Calculate the greatest common divisor of 155 and 558.
31
What is the greatest common divisor of 3388 and 756?
28
Calculate the greatest common divisor of 323 and 76.
19
Calculate the greatest common factor of 49 and 98.
49
What is the highest common divisor of 8721 and 306?
153
What is the greatest common factor of 323 and 38?
19
Calculate the greatest common factor of 18 and 13887.
9
Calculate the greatest common factor of 18 and 783.
9
What is the greatest common divisor of 42 and 350?
14
What is the highest common divisor of 15 and 960?
15
What is the greatest common factor of 27 and 13005?
9
What is the highest common factor of 603 and 27?
9
What is the greatest common factor of 408 and 56?
8
Calculate the greatest common factor of 44 and 32.
4
Calculate the highest common factor of 4802 and 112.
14
Calculate the highest common factor of 1003 and 17.
17
Calculate the greatest common divisor of 410 and 280.
10
What is the greatest common factor of 270 and 72?
18
Calculate the greatest common divisor of 220 and 1870.
110
What is the highest common divisor of 95 and 25?
5
What is the highest common factor of 36 and 468?
36
What is the highest common factor of 118 and 3009?
59
Calculate the greatest common divisor of 232 and 40.
8
Calculate the highest common factor of 18 and 138.
6
What is the highest common divisor of 463 and 4?
1
Calculate the greatest common factor of 1100 and 2068.
44
Calculate the highest common factor of 126 and 68292.
126
What is the highest common factor of 111 and 111?
111
Calculate the highest common factor of 24 and 72.
24
What is the greatest common factor of 2725 and 675?
25
Calculate the highest common divisor of 1071 and 189.
63
What is the greatest common divisor of 371 and 14?
7
Calculate the highest common factor of 27 and 6.
3
What is the highest common factor of 207 and 27?
9
Calculate the highest common factor of 1066 and 410.
82
Calculate the highest common divisor of 420 and 1960.
140
What is the greatest common factor of 24 and 24?
24
Calculate the highest common factor of 35 and 2065.
35
What is the highest common factor of 1890 and 70?
70
Calculate the highest common divisor of 12 and 836.
4
What is the highest common divisor of 160 and 128?
32
What is the greatest common factor of 2 and 298?
2
Calculate the highest common factor of 17 and 221.
17
What is the highest common divisor of 6 and 11202?
6
What is the highest common factor of 272 and 340?
68
What is the highest common divisor of 2708 and 8?
4
What is the greatest common divisor of 89 and 2581?
89
What is the highest common factor of 42 and 28?
14
What is the highest common factor of 7 and 49?
7
Calculate the greatest common factor of 480 and 768.
96
What is the greatest common divisor of 416 and 104?
104
What is the highest common divisor of 80 and 2320?
80
What is the greatest common divisor of 12 and 312?
12
Calculate the highest common factor of 581 and 415.
83
Calculate the highest common divisor of 175 and 3725.
25
Calculate the highest common factor of 15 and 35.
5
What is the greatest common factor of 9 and 81?
9
Calculate the greatest common divisor of 960 and 200.
40
What is the greatest common divisor of 824 and 40?
8
What is the highest common divisor of 3 and 123?
3
Calculate the greatest common factor of 45 and 27.
9
Calculate the highest common factor of 15 and 255.
15
Calculate the greatest common divisor of 3148 and 4.
4
Calculate the highest common factor of 45 and 885.
15
Calculate the greatest common divisor of 198 and 30.
6
What is the greatest common divisor of 3136 and 98?
98
What is the greatest common divisor of 203 and 329?
7
What is the greatest common divisor of 91 and 793?
13
Calculate the greatest common divisor of 11 and 86669.
11
What is the highest common factor of 80 and 1712?
16
Calculate the greatest common divisor of 740 and 60.
20
Calculate the highest common divisor of 216 and 144.
72
What is the highest common divisor of 40 and 340?
20
Calculate the greatest common factor of 1519 and 49.
49
What is the highest common divisor of 58 and 35293?
29
Calculate the highest common factor of 76 and 247.
19
Calculate the highest common divisor of 51 and 1581.
51
Calculate the greatest common factor of 18 and 306.
18
Calculate the highest common factor of 150 and 5.
5
What is the greatest common factor of 40 and 67240?
40
What is the highest common factor of 24 and 192?
24
What is the highest common factor of 25487 and 77?
77
What i